- 3*t**2 + 3. Let u be k(-3). Suppose 0*a - u*a + n = -27, -a = -5*n - 9. List the prime factors of a.
3
Let m(j) = j**3 - 5*j**2 + 12*j - 14. What are the prime factors of m(6)?
2, 47
Let v(n) = n**2 + 2*n - 1. Let w be v(1). Suppose -a = -2*i - 6, 5*i = w*a - 5*a + 7. What are the prime factors of (2/a)/((-4)/(-96))?
2, 3
Let x be (2 - (2 - 1)) + 1. List the prime factors of x/4*6 + -1.
2
Let k be ((-2)/(-3))/(6/27). Let q(y) = 2*y - 26. Let u be q(16). Suppose 4*i = 2*w - u, 0 = 5*i - 2 - k. What are the prime factors of w?
5
Suppose 6*r - 3*r = 6. Let m = 4 - r. List the prime factors of m.
2
Suppose -138 = -4*b + 2*p, -4*b - p = -88 - 53. List the prime factors of 970/b + 2/7.
2, 7
Let v be (-1)/(((-2)/1)/(-8)). Let y be 4/(1/(1*-2)). Let x = v - y. What are the prime factors of x?
2
Let s = 86 + -51. What are the prime factors of s?
5, 7
Suppose -r - 4*b - 2 = -1, 0 = 2*b. List the prime factors of r + -1 + 3 - -16.
17
Suppose 0 = 2*l - 0*l + 36. Let b = -13 - l. List the prime factors of b.
5
Suppose -c + 18 = -4*v, -2*c + 6*c + 5*v - 9 = 0. List the prime factors of c.
2, 3
Let u(z) = z**3 - 8*z**2 + 5*z + 9. What are the prime factors of u(9)?
3, 5
Let g be (1 - 3 - -19) + -1. List the prime factors of (-6)/(-4)*g/12.
2
Let n(q) = q**3 - 4*q**2 - 5*q + 7. What are the prime factors of n(5)?
7
Let c(r) = -2*r**3 - 24*r**2 + 15*r - 17. List the prime factors of c(-13).
2, 3, 7
Suppose 4*d = -4*f - 36, 5*d = 4*f - 7*f - 53. Let z = -4 - d. List the prime factors of z.
3
Suppose -s + 0*s + 22 = 4*i, -5*i = 5*s - 50. Let u = 4 + s. List the prime factors of u.
2, 5
Let b = 40 + 35. Suppose 0 = -a - 2*a + b. List the prime factors of a.
5
Let r be -2*10*4/(-16). Suppose -3*t + 4*z - 6*z + 4 = 0, -r*z - 11 = -3*t. What are the prime factors of t?
2
Suppose 0 = -c + 5*c - 12. What are the prime factors of c?
3
Let x(u) = 3*u - 3. Let l = -8 - -12. What are the prime factors of x(l)?
3
What are the prime factors of -2 + (46 - 3 - 0)?
41
Suppose -3*s = -0*s. Suppose 3*w - 66 = -s*w. List the prime factors of w.
2, 11
Suppose -5*s + 4 + 6 = 0. Let d be (s - 1) + 0/(-1). What are the prime factors of (-1*d)/((-4)/48)?
2, 3
Suppose -v + 11 = -5. Let i = v + -11. Let x = 3 + i. List the prime factors of x.
2
Let c(v) = v**2 + v - 1. Let m be c(-3). Suppose -2 = n, m*f - f = -3*n - 54. Let g = 21 + f. What are the prime factors of g?
3
What are the prime factors of (-29 - (-3 - -3))/(-1)?
29
Suppose -j + 2*v - 10 + 27 = 0, -4 = v. List the prime factors of j.
3
Let w be (-1)/2*(0 - 10). Suppose 50 = w*i - 95. What are the prime factors of i?
29
Suppose 4*v + 226 = 6*v. What are the prime factors of v?
113
Let s be 2/5 + 118/5. Suppose 4*m + 4*d - s = 0, -m - 5*d + 2*d + 12 = 0. Suppose 35 = m*a + 14. What are the prime factors of a?
7
Suppose -3*d - 2*d = -565. Suppose 0 = 6*q - 103 - d. What are the prime factors of q?
2, 3
Suppose 3*n = n + 6. Suppose -n*f + 4 = -5. Suppose -f*r - 11 = -44. List the prime factors of r.
11
Let w = 1 + 5. Let z(t) = w*t**2 - 4 + 2 + 3*t + t**3 + 3. List the prime factors of z(-5).
11
Let w = 1 - -2. Let u(t) = 4*t - 4. List the prime factors of u(w).
2
Let s be 3 - 11 - 1*-1. Let p = -7 - s. Let u = 4 + p. What are the prime factors of u?
2
Suppose 0 = -b + 3, 5*n = 4*b + b + 425. List the prime factors of n.
2, 11
Let a be -1 - 2 - (-85)/(-5). Let g = a - -43. List the prime factors of g.
23
Let h(j) = 2*j - 8. Suppose -2*r - z = -18, -3*r - z + 37 = -2*z. List the prime factors of h(r).
2, 7
Suppose 14*y - 15*y + 75 = 0. List the prime factors of y.
3, 5
List the prime factors of 3/((-6)/(-32)*1).
2
What are the prime factors of (3 - 123/12)/(1/(-8))?
2, 29
Let m be 1/((4/6)/(-2)). Let a be 1/4 + (-9)/4. List the prime factors of -2 - m - a/1.
3
Suppose -4*u + 410 = u. List the prime factors of (-6)/24 + u/8.
2, 5
Suppose 2*y - 3*y = -b - 48, -4*b = 2*y - 84. List the prime factors of y.
2, 23
Let z(o) be the first derivative of -9*o**2/2 + 4. List the prime factors of z(-1).
3
Let o be (-68)/7 + (-6)/21. Suppose 10*q + 11 = 131. List the prime factors of q/o*10/(-3).
2
List the prime factors of (-8)/(((-2)/(-1))/(-16)).
2
Let w be 20/1*(-6)/(-15). Let f(y) = 2*y - 8. What are the prime factors of f(w)?
2
List the prime factors of (-3 - 7)/(-3 + 1).
5
Let h(l) = 2*l**2 + 4*l + 2. Let k be h(-2). Suppose -k*y + 0*y = -68. Let t = y - 23. What are the prime factors of t?
11
Let u be (-1)/(1/1)*-4. Let h(a) be the third derivative of a**4/8 - a**3/2 + 7*a**2. List the prime factors of h(u).
3
Suppose 50 - 12 = 2*s. Suppose -2*u - u + 66 = 4*k, 2*u - s = -k. List the prime factors of k.
3, 5
Suppose 336 = -g + 4*g. List the prime factors of g.
2, 7
Let r(m) = m + 8. Let a be r(-4). Suppose -4*x + 17 = 2*d - 17, -a*d + 80 = 2*x. List the prime factors of d.
3, 7
Let a = 49 + -15. Suppose 5*k + a - 99 = 0. List the prime factors of k.
13
Let j(g) = g**3 - 8*g**2 + 11*g. Let q be j(8). What are the prime factors of q/5 - 8/(-20)?
2, 3
Let b be (0 + 2)/(-2)*-5. Suppose -b*z + 73 = -4*s - 3, -z - 3*s = 0. What are the prime factors of z?
2, 3
Let g be (2 - (-1 + 0)) + 19. Let n = 83 - g. Suppose 5*a + 39 = 3*m + 2*a, 0 = 5*m - a - n. What are the prime factors of m?
2, 3
Suppose 22*d - 15*d - 1302 = 0. List the prime factors of d.
2, 3, 31
Let s(m) = -124*m - 7. List the prime factors of s(-2).
241
Suppose 0 = q + 2*d - 9, -5*q + 4*d + 9 = -8. What are the prime factors of (q + -1)/(9/90)?
2, 5
What are the prime factors of 10/40 + (-83)/(-4)?
3, 7
List the prime factors of (-124)/8*1*-2.
31
Let d(q) = 11 - 2*q**3 - 4 + 3*q**3. List the prime factors of d(0).
7
What are the prime factors of (0 - 76)/(-4 - -2)?
2, 19
Suppose r = -2*o - 8 - 3, 2*o - 3 = r. Let h = r - -4. Let n(g) = -2*g**3 - 5*g**2 - 2*g - 1. What are the prime factors of n(h)?
2, 7
What are the prime factors of 12/(-8)*(-76)/3?
2, 19
Let l(j) = -j**3 - 3*j**2 + 4*j - 1. Let d be l(-4). Let y = d + 3. Suppose 7*m - 15 = y*m. List the prime factors of m.
3
Suppose -2*g + 3*h + 3 = 7, h = -5*g - 44. Let v = g + 13. List the prime factors of v.
5
Let j be 2/(-11) - (-6)/33. Suppose -2*v + 2*c + 54 = j, -3*v + 34 = 2*c - 37. What are the prime factors of v?
5
List the prime factors of (1 + (-2541)/35)/(2/(-5)).
179
Suppose 2*q + 130 = 7*q. What are the prime factors of q?
2, 13
Suppose 2*u - 4*m = 6*u - 8, 0 = -3*m + 6. Suppose u = 4*b + 2 - 58. What are the prime factors of b?
2, 7
Let k = 42 - 61. Let f = -11 - k. Let m = 15 - f. List the prime factors of m.
7
Let v(s) = 4*s**2 + 3*s - 8. Let r be v(-6). Suppose -3*h + r = h + 5*a, 0 = 5*a - 10. List the prime factors of h.
3
Let i(r) = -3*r**2 + 0 + 3*r + 1 + 8*r**2 + 0*r**2. List the prime factors of i(-3).
37
Let u = -60 + 99. What are the prime factors of u?
3, 13
Suppose -4*p + 25 = -j, 5*j + 20 = -5. List the prime factors of p.
5
Suppose -3*r + 79 = -4*c, -r - c + 0*c + 17 = 0. List the prime factors of r.
3, 7
Let k(u) = 2*u - 20. Let h(p) = -p + 8. Let d(w) = -12*h(w) - 5*k(w). List the prime factors of d(6).
2
Suppose 2*g = -3*d + 2*d + 162, -2*d = -3*g - 352. List the prime factors of d.
2, 5, 17
List the prime factors of 86 - (-3 + 2/(-8)*0).
89
Suppose 5*d + 3 = -2*n + 102, -2*d + 54 = -4*n. What are the prime factors of d?
3, 7
Let i(m) = -8 + 4*m + 9 - 3*m**2 + m**3 - 1. List the prime factors of i(4).
2
What are the prime factors of 7*((-128)/(-28) - 2)?
2, 3
Suppose 2*v - 6 = 24. Suppose 0*w + v = w. List the prime factors of w.
3, 5
Suppose 0 = -3*r + 5 + 4. Suppose -v = -r*v + 4. Let f = v - -8. List the prime factors of f.
2, 5
Let b(u) = -u + 4. Let m(f) = f**3 - 11*f**2 + 11*f - 15. Let o be m(10). List the prime factors of b(o).
3
List the prime factors of 1*(-660)/(-5) - 1.
131
Suppose -5*v = -7*v + 54. List the prime factors of v.
3
List the prime factors of 1855/28 - (-3)/(-12).
2, 3, 11
Suppose -4*o = -10*o + 324. What are the prime factors of o?
2, 3
Let n be (-2 - 8*-1) + -3. Suppose 2*o - 60 = -n*o. List the prime factors of o.
2, 3
List the prime factors of -12*(-1 + 4)*(-720)/135.
2, 3
Let j be -2 + 0 + 2 + 3. Let v be j*(-2 - (-4)/3). What are the prime factors of (v - 1)/(6/(-8))?
2
Suppose -37 = -2*y + 17. Suppose u - y = -2*l, -2*u + 54 - 18 = -5*l. List the prime fact